se 14*y + 70 = 19*y. Let w be (4/(-10))/((-2)/10). Suppose -3*s - w*f = -7, -3*s + f + 23 = -f. Calculate the remainder when y is divided by s.
4
Let i = 9 - 6. What is the remainder when 7 is divided by i?
1
What is the remainder when (28/7)/(2/7) is divided by 15*1/3 + -1?
2
Let z(p) = -5*p**3 + 3*p**2 - p. Let d be z(2). What is the remainder when 9 is divided by 10/d - (-16)/3?
4
Let h = 21 - -3. Calculate the remainder when 93 is divided by h.
21
What is the remainder when (0 + 1)*(9 - -4) is divided by 4?
1
Suppose 4*c = 5*b + 12, 3*b + 3*c - 10 + 1 = 0. Suppose b = g + 3*w - 6 - 4, 0 = 3*g - 5*w - 2. Calculate the remainder when 15 is divided by g.
3
Let x = 222 + 5. Suppose -5*q = -x - 53. Let k = q + -4. What is the remainder when k is divided by 18?
16
Let c(l) = -3*l + 40. Let x = -7 - -12. What is the remainder when c(9) is divided by x?
3
Suppose 0 = 5*i + 2 - 32. Let o be 34/10 + 4/(-10). Suppose -3*t + 2*z = 7*z - 48, o*t + 4*z - 48 = 0. What is the remainder when t is divided by i?
4
Suppose 2*q - 70 = 3*v + 2*v, 5*q - 217 = 2*v. What is the remainder when q is divided by 12?
9
Let k(c) be the second derivative of -c**3/6 + c**2 + c. What is the remainder when 26 is divided by k(-7)?
8
Let y(u) = u**2 + 2*u - 4. Let a(i) = -i**3 - i**2 + 3*i + 2. Calculate the remainder when a(-4) is divided by y(4).
18
Let t = -95 + 140. What is the remainder when 133 is divided by t?
43
Let q(j) = 2*j**2 - 4*j + 2. Calculate the remainder when 34 is divided by q(4).
16
Let f be (-2 - 1) + (93 - 1). Let i = f + -41. What is the remainder when i is divided by 25?
23
Suppose a - 38 = 6. Suppose 13 = 3*x - a. Calculate the remainder when x is divided by 5.
4
Suppose 0 = -z - x - x + 1, 3*z - 4*x - 33 = 0. Let h(f) = f + 6. Let w be h(0). Suppose 4*p - w = 2*p. Calculate the remainder when z is divided by p.
1
Suppose -11 = -4*o + 21. Suppose -o*w = -3*w - 20. Let d(l) = -8*l**3 - l**2 - l - 1. Calculate the remainder when d(-1) is divided by w.
3
Suppose -48 + 371 = 17*n. Calculate the remainder when n is divided by 2*7/2*1.
5
Suppose -6*m + 5*a + 225 = -m, 3*m + 3*a = 147. Let r = -114 - -160. Let j = r + -30. Calculate the remainder when m is divided by j.
15
Suppose n + 6*c - 112 = 3*c, -n + 4*c = -112. What is the remainder when n is divided by 38?
36
Let z = 2 + 0. Let g(s) = -s + 1. Let m = -9 - -5. What is the remainder when g(m) is divided by z?
1
Let i be 3*(-2)/12*-38. Let d = 42 - i. What is the remainder when d is divided by 8?
7
Let w(j) = -7*j - 30. What is the remainder when w(-19) is divided by (-16)/6*(-78)/8?
25
Let r = 75 + -68. What is the remainder when r is divided by 4?
3
Let q(k) be the first derivative of -k**3/3 + 7*k**2/2 + 6*k - 2. What is the remainder when 35 is divided by q(6)?
11
Let q = 8 - 2. Let v(p) = -p**2 - 10*p + 14. Calculate the remainder when q is divided by v(-11).
0
Suppose 38 = a + c + c, 5*a = -3*c + 176. What is the remainder when a is divided by 18?
16
Let b(m) = m + 36. What is the remainder when b(-14) is divided by 8?
6
Let r = -55 - -57. What is the remainder when 4 is divided by r?
0
Let f = 54 - 49. Let g(d) = 3*d - 3. Let n = -5 + 9. What is the remainder when g(n) is divided by f?
4
Let y(i) = -i**2 + 7*i. Let n be y(6). Suppose -3*t + n = -3. What is the remainder when 8 is divided by 3 - 0*t/3?
2
Suppose -3*x - y + 1874 = -3*y, 4*y - 1260 = -2*x. Suppose n - 6 = 12. Calculate the remainder when (-4)/(-18) - x/(-18) is divided by n.
17
Let t(i) = i - 4. Let z be t(5). What is the remainder when 39 is divided by (10/z)/((-2)/(-4))?
19
What is the remainder when 0 + 52 - (-2)/1 is divided by 14?
12
What is the remainder when 56 is divided by (6/(-18))/((-1)/45)?
11
Let a = 19 - 2. Calculate the remainder when 82 is divided by a.
14
Let l(s) = -s**2 + 7*s - 2. Let a be l(6). Suppose 26 + 10 = a*h. What is the remainder when 25 is divided by h?
7
Let m(l) be the second derivative of 11*l**5/20 - l**3/6 - 2*l. Let n(o) = 4*o + 5. What is the remainder when n(6) is divided by m(1)?
9
Let d be (-3)/(3/2) - -4. Suppose -d*h = -4*l + 12, -4*l + 1 + 5 = h. Suppose 5*g = l*g + 42. Calculate the remainder when 27 is divided by g.
13
Suppose -4*l + 3 = 2*b + l, 4*b - 4*l - 20 = 0. Calculate the remainder when 9 is divided by b.
1
Suppose -g = 5*h + 20, 3*g = -2*h - 0*h - 8. Let l(p) = -p + 2. Let f be l(g). Suppose -f + 6 = 4*j. What is the remainder when 1 is divided by j?
0
Suppose -169 = -2*r + 55. Calculate the remainder when r/6 + 1/3 is divided by 11.
8
Suppose 5*d = 5*f - 1 + 51, 3*d - 2*f = 30. What is the remainder when 18 is divided by d?
8
Let i(v) be the second derivative of -2*v + 0 - 5/6*v**3 - 1/12*v**4 - v**2. Calculate the remainder when 3 is divided by i(-4).
1
Suppose -x - d = x - 7, 3*x - 2*d - 14 = 0. Let y = x + -1. Suppose 2 = -h - 4*a - 9, 2*h - 22 = y*a. What is the remainder when 14 is divided by h?
4
Let r = 54 - 44. Calculate the remainder when 20 is divided by r.
0
Suppose 0 = y + 18 - 46. Suppose 60 = 3*a + a. Calculate the remainder when y is divided by a.
13
Let f = 75 + -62. Calculate the remainder when f is divided by 4.
1
Let d(y) = y**3 + 8*y**2 + 5*y - 10. Let k be d(-7). Suppose 0 = -q - 5*a + 4*a - k, -5*q - 4*a - 15 = 0. What is the remainder when 3 is divided by q?
0
Suppose 5*r = -2*m + 1, -3*r = -4*m + 18 - 3. Suppose -k - 3*l - 3 = 2, -m*k + l = -5. What is the remainder when 1 is divided by k?
0
Let z = 38 + -24. Let p = -11 + z. What is the remainder when 9 is divided by p?
0
Let b = 19 + -14. Calculate the remainder when 8 is divided by b.
3
Let i = 29 - 21. Let q(f) = 2*f - f - 5*f + 5*f + i. What is the remainder when q(6) is divided by 8?
6
Suppose i + 4*b = 0, -2*b + 16 = 3*i - 6*b. Let n be (1 + (-6)/3)*1. Let v = i - n. What is the remainder when 13 is divided by v?
3
Let r = 4 - 1. Suppose -4*i + 3*i = -r. Suppose -i*q + 4*q = 3. Calculate the remainder when 8 is divided by q.
2
Let d = 34 + -17. Suppose -2*p + d = 4*c - 65, 0 = 2*c + 3*p - 31. What is the remainder when c is divided by 8?
7
Let s(f) = -f**2 + 4*f + 4. Let v be s(3). Let k = 17 - v. Let x = k - 6. Calculate the remainder when 11 is divided by x.
3
Suppose 0 = 4*o - 5*o, -2*u = -2*o - 66. Suppose -5*v = 5, -85 + u = -3*f + 4*v. Let t = f - 4. Calculate the remainder when t is divided by 7.
5
Let r(l) = -l**3 + l**2 + 3*l + 2. Let b be ((-12)/10)/((-2)/5). Let v = 6 - b. Calculate the remainder when r(-2) is divided by v.
2
Let o = 16 - 6. Suppose 2*k = -3*k + o. What is the remainder when k is divided by 2?
0
Suppose -97 = -2*o - z, -107 - 131 = -5*o - z. Let l = 11 - -1. What is the remainder when o is divided by l?
11
Suppose -2*x + 8 = -6. What is the remainder when 7 is divided by (4/(-7))/((-2)/x)?
1
Suppose 3*k = -3*z + 3, 0 = -3*z - 3*k + 8*k + 35. Suppose z*a + n + 12 = 0, 0*a - 2*n = 2*a. Let x = 5 + a. Calculate the remainder when x is divided by 1.
0
Suppose 6*v - 100 = v. Let u(a) = 10*a**2 - 1. What is the remainder when u(-2) is divided by v?
19
Let h = 2 - 21. What is the remainder when 42 is divided by (-27)/(-18) + h/(-2)?
9
Let c(o) = o**2 - 4*o + 4. Suppose -2*i + 0 = -8. Let x be c(i). Suppose -3*s = -w - 4*s + 23, -111 = -5*w - x*s. What is the remainder when w is divided by 7?
5
Let x be (4 - 2 - 6) + 81. Suppose 3*y = 224 - x. What is the remainder when y is divided by 17?
15
Suppose -7*r = -3*r - 68. What is the remainder when -75*((-15)/9 + 1) is divided by r?
16
Suppose 3*c - 112 = -10. Calculate the remainder when c is divided by (-27)/2*4/(-3).
16
Suppose -5*f + 57 - 17 = 0. Suppose 4*r = 190 + 186. Suppose -4 = -2*g, -g + r = 4*u - 0*g. What is the remainder when u is divided by f?
7
Let k(m) = -m**2 - 5*m - 1. Let w be k(-2). Let d = 42 + -13. Suppose -5*f = -r + d, 2*f + 0*f = w*r - 53. What is the remainder when 26 is divided by r?
8
Calculate the remainder when 86/5*(-100)/(-40) is divided by 11.
10
Let q(j) = -j**2 - 10*j + 8. Let m be q(-9). Suppose 5*x = t - m, 3*x + 136 = -0*t + 4*t. Calculate the remainder when t is divided by 13.
11
Let u(g) = -22*g - 2. Let d(n) = -21*n - 2. Let o(z) = 5*d(z) - 4*u(z). What is the remainder when 29 is divided by o(-1)?
14
Let v(r) = r**3 + 6*r**2 - 9*r + 8. Let i be v(-7). Suppose 2*q = 2 + i. Calculate the